5*h**2 + 32*h - 260. Determine d(7).
-134
Let v(a) = 1277*a + 1250. Determine v(-1).
-27
Let u(n) = -142*n**2 - 766*n + 441. Give u(-6).
-75
Let c(q) = 41*q**2 - 30484*q - 14873. What is c(744)?
7
Let c(t) = -1010*t**2 + 944*t + 943. Give c(-1).
-1011
Let f(v) = 24*v**2 + 616*v + 3988. Give f(-11).
116
Let i(h) = -h**3 - 24542*h**2 - 294376*h - 184. Determine i(-12).
8
Let t(d) = -82*d**2 - 3018*d - 12053. Determine t(-4).
-1293
Let x(j) = -32799*j - 163990. Give x(-5).
5
Let k(f) = 1756*f + 728724. Determine k(-415).
-16
Let h(z) = -4*z**2 - 365*z + 5409. Calculate h(14).
-485
Let r(c) = -c**2 + 89*c + 118. What is r(89)?
118
Let w(b) = -11*b**3 - 4649*b**2 - 7575*b + 1019. What is w(-421)?
-244
Let j(u) = -u**3 + 61*u**2 + 2168*u - 1559. Determine j(86).
-11
Let f(l) = 5*l**2 + 145*l - 1771. What is f(11)?
429
Let l(q) = 2*q**2 + 6682*q - 120930. What is l(18)?
-6
Let n(t) = 30*t**2 + 3185*t - 321. Calculate n(-106).
-851
Let z(w) = 19*w**3 - 3665*w**2 - 303*w - 16022. Give z(193).
-3
Let r(s) = -3*s**2 + 88*s + 575. What is r(35)?
-20
Let z(j) = 3*j**2 - 502*j - 61010. What is z(249)?
-5
Let m(j) = -j**3 + 25*j**2 + 716*j - 73. Determine m(42).
11
Let j(f) = -f**3 + 26*f**2 - 222*f + 946. Calculate j(20).
-1094
Let v(l) = -l**2 + 91*l - 722. Give v(21).
748
Let i(k) = -k**3 - 149*k**2 - 1166*k + 3865. Give i(-11).
-7
Let l(g) = -g**3 - 281*g**2 + 858*g - 4. Give l(3).
14
Let a(b) = 36*b**2 + 866*b + 66. Calculate a(-24).
18
Let n(g) = -g**3 - 34*g**2 + 19*g - 30. Determine n(-35).
530
Let g(w) = -4*w**2 - 1484*w + 8938. What is g(6)?
-110
Let j(q) = -1477*q + 8752. What is j(6)?
-110
Let i(l) = 53*l**2 + 165*l - 1563. Calculate i(-7).
-121
Let d(p) = p**3 + 389*p**2 - 14833*p + 3178. Determine d(-424).
210
Let d(i) = i**2 + 430*i + 16651. Calculate d(-387).
10
Let z(c) = 25*c - 2250. What is z(118)?
700
Let s(v) = -9192*v - 634247. Determine s(-69).
1
Let l(u) = -u**3 - 3520*u**2 - 7029*u + 13. Give l(-2).
-1
Let x(q) = q**2 + 564*q + 6613. What is x(-12)?
-11
Let n(y) = -3*y**3 + 367*y**2 + 232*y + 147. Calculate n(123).
-1575
Let b(t) = t**3 + 118*t**2 + 38*t + 4867. Determine b(-118).
383
Let y(n) = -192*n**3 + 965*n**2 - 10*n - 1. What is y(5)?
74
Let t(v) = 4*v**2 - 245*v + 144. Give t(63).
585
Let v(i) = 6759*i**2 - 27046*i + 39. What is v(4)?
-1
Let l(u) = 47264*u - 1654193. Give l(35).
47
Let h(g) = 2*g**3 + 380*g**2 + 362*g - 2941. Determine h(-189).
83
Let f(r) = -16*r**2 + 475*r - 1814. Give f(5).
161
Let n(k) = k**3 + 12*k**2 - 681*k - 8166. Give n(-12).
6
Let j(n) = -2*n**2 + 3793*n + 65050. Determine j(-17).
-9
Let b(g) = 4*g**2 + 807*g + 30667. What is b(-51)?
-86
Let r(b) = 8214*b - 1240333. Calculate r(151).
-19
Let d(t) = 860*t - 9473. What is d(11)?
-13
Let d(t) = 9*t**3 + 353*t**2 + 257*t + 6990. Calculate d(-39).
9
Let y(k) = -k**3 - 15*k**2 + 142*k + 2304. Determine y(-14).
120
Let t(c) = -3870*c + 7693. What is t(2)?
-47
Let o(b) = 51*b**3 - 15607*b**2 + 289*b + 5302. Calculate o(306).
100
Let p(c) = -236057*c - 472154. Calculate p(-2).
-40
Let a(j) = -46190*j - 1709018. Calculate a(-37).
12
Let l(w) = -w**3 + 327*w**2 + 242*w + 28175. Determine l(328).
-33
Let g(w) = 1055*w + 3159. Calculate g(-7).
-4226
Let g(p) = -605*p - 71354. Determine g(-118).
36
Let f(j) = -4674*j - 98103. Determine f(-21).
51
Let t(m) = m**3 + 133*m**2 - 691969*m + 766. Give t(768).
-2
Let u(a) = 823*a - 1162. Calculate u(2).
484
Let d(r) = 3*r**3 + 11*r**2 - 134*r + 208. Give d(5).
188
Let z(y) = -y**3 - 57*y**2 - 410*y + 188. Give z(-9).
-10
Let a(p) = 2*p**3 - 66*p**2 - 239*p + 7752. Calculate a(33).
-135
Let a(n) = n**3 - 5*n**2 - 90*n + 443. Give a(5).
-7
Let l(m) = 31*m + 3001. Give l(-121).
-750
Let n(w) = 310*w - 3737. Give n(12).
-17
Let c(j) = 16090*j + 5084464. What is c(-316)?
24
Let x(y) = 10*y**2 + 3707*y - 22614. Calculate x(6).
-12
Let k(o) = 13*o**3 - 1380*o**2 + 212*o - 78. Give k(106).
-78
Let x(y) = -1210*y + 17643. Calculate x(13).
1913
Let q(g) = 2514*g - 10012. What is q(4)?
44
Let x(y) = -3*y**3 - 70*y**2 + 23*y - 139. Calculate x(-24).
461
Let v(m) = -m**3 + 30*m**2 + 381*m - 9255. Give v(33).
51
Let r(u) = 1198*u - 67078. Calculate r(56).
10
Let f(w) = -1287*w**2 - 1247*w - 5. What is f(-1)?
-45
Let t(g) = -2918*g - 20427. Calculate t(-7).
-1
Let p(m) = -2*m**2 + 389*m + 5688. Calculate p(208).
72
Let w(g) = -458*g**2 + 2440*g - 750. Determine w(5).
0
Let l(v) = 2*v**2 - 16667*v + 116563. Determine l(7).
-8
Let b(j) = j**2 - 309*j - 10502. Give b(-31).
38
Let l(v) = 150108*v - 4353188. Calculate l(29).
-56
Let z(p) = 4541*p - 81815. Give z(18).
-77
Let c(i) = -i**3 + 49*i**2 - 222*i + 25. Determine c(44).
-63
Let n(y) = -87*y - 1646. Determine n(-20).
94
Let u(d) = 297*d - 744. Give u(7).
1335
Let f(s) = 6*s**2 + 33*s - 126. Give f(-15).
729
Let r(a) = -a**3 - 187*a**2 - 548*a - 32925. Calculate r(-185).
5
Let f(c) = 7*c**3 + 67*c**2 - 55*c - 45. Calculate f(-9).
774
Let k(y) = 6720041*y - 13440078. Calculate k(2).
4
Let a(u) = -159*u - 21981. What is a(-144)?
915
Let f(z) = 4*z**2 + 122*z - 1924. Give f(-42).
8
Let b(a) = -13631*a - 9255438. Calculate b(-679).
11
Let y(n) = -79*n**3 + 152*n**2 - 85*n + 182. Calculate y(2).
-12
Let c(w) = 6631*w + 271784. Determine c(-41).
-87
Let x(y) = 13630*y - 109201. Calculate x(8).
-161
Let h(k) = k**3 - 4*k**2 + 1509*k + 6014. Give h(-4).
-150
Let c(q) = -9*q**3 - 58*q**2 + 21*q + 1. Give c(-7).
99
Let l(b) = -224017*b + 1567838. What is l(7)?
-281
Let o(m) = m**3 + 91*m**2 + 298*m + 3599. What is o(-88)?
607
Let t(h) = 3731*h - 1160258. Give t(311).
83
Let s(g) = 158*g**2 - 12468*g - 1139. Give s(79).
-33
Let k(l) = 17*l**3 - 739*l**2 + 337*l - 67. What is k(43)?
-368
Let d(g) = 5*g**2 - 68*g - 1088. Determine d(-9).
-71
Let k(i) = i**3 - 8*i**2 + 120*i - 1460. Give k(12).
556
Let w(d) = d**3 - 57*d**2 + 387*d + 170. Calculate w(49).
-75
Let z(h) = -325787*h - 5212517. Determine z(-16).
75
Let r(p) = -200*p - 74408. Give r(-372).
-8
Let u(i) = 67089*i - 134177. Determine u(2).
1
Let w(o) = o**3 - 209*o**2 + 1233*o - 43443. What is w(204)?
9
Let l(a) = 2*a**3 + 43*a**2 + 110*a - 287. Calculate l(-18).
1
Let y(k) = -152*k + 12837. Calculate y(85).
-83
Let x(u) = 2*u**3 + 69*u**2 - 367*u - 13428. What is x(-33)?
1950
Let f(n) = -21741*n - 43469. Determine f(-2).
13
Let g(b) = b**3 + 65*b**2 - 734*b - 205. Give g(10).
-45
Let c(d) = 60*d**3 + 662*d**2 + 45*d + 235. Calculate c(-11).
-18
Let x(c) = -c**3 + 73*c**2 + 3921*c - 15204. What is x(108)?
24
Let o(a) = 31019*a - 1209735. Determine o(39).
6
Let c(j) = 29516*j + 265663. Give c(-9).
19
Let r(a) = -a**3 - 65*a**2 + 67*a + 403. Determine r(-66).
337
Let f(b) = b**3 + 154*b**2 + 881*b - 997. What is f(-148)?
39
Let m(f) = f**3 - 2*f**2 + 17*f - 147. Calculate m(5).
13
Let x(k) = 23*k + 2316. Determine x(-20).
1856
Let i(d) = d**2 - 3129*d - 1431277. What is i(-405)?
-7
Let o(q) = -15*q**2 + 717*q + 1647. Give o(50).
-3
Let q(m) = m**3 + 52*m**2 - 109*m - 705. Give q(-54).
-651
Let d(y) = -1142357*y - 31985994. Calculate d(-28).
2
Let c(k) = -2*k**3 - 111*k**2 - 362*k - 5136. Calculate c(-53).
5
Let g(q) = 4494*q + 336885. Calculate g(-75).
-165
Let k(t) = -11712*t + 773014. Determine k(66).
22
Let a(h) = 8*h**3 + 16*h**2 - 17*h + 11. Determine a(5).
1326
Let f(j) = 112*j**2 - 911*j - 11. What is f(8)?
-131
Let v(g) = -g**2 - 69*g + 3997. What is v(-107)?
-69
Let s(d) = -330*d - 11603. Calculate s(-37).
607
Let c(x) = 222*x**2 - 2662*x - 96. What is c(12)?
-72
Let s(g) = 1672*g + 6762. Determine s(-4).
74
Let h(c) = -16*c**3 + 205*c**2 + 6677*c - 86289. Calculate h(13).
5
Let o(l) = -l**3 + 5*l**2 - 15280*l + 91782. Determine o(6).
66
Let x(n) = n**3 + 97*n**2 - 838*n - 463. Calculate x(-105).
-673
Let j(o) = -55*o**2 + 38018*o + 29077. Give j(692).
13
Let w(i) = -i**2 + 4521*i + 1441178. What is w(-299)?
-2
Let p(n) = -7*n**2 - 262*n + 524. Calculate p(-38).
372
Let s(l) = 24*l**3 + 73*l**2 + 23*l + 56. Give s(-3).
-4
Let d(m) = 64*m + 2877. Calculate d(-43).
125
Let l(q) = 642*q - 246336. Determine l(384).
192
Let t(p) = -460*p - 11799. Determine t(-25).
-299
Let s(h) = 7*h**3 + 185*h**2 + 60*h + 113. Calculate s(-26).
581
Let p(o) = -9*o**2 - 355*o - 240. Give p(-43).
-1616
Let o(a) = a**3 - 11*a**2 - 198*a - 16. Give o(